 is the remainder when 19932510 is divided by 678?
666
Calculate the remainder when 140275 is divided by 168.
163
Calculate the remainder when 252564 is divided by 125197.
2170
Calculate the remainder when 2206683 is divided by 6.
3
What is the remainder when 145562 is divided by 1110?
152
Calculate the remainder when 3494657 is divided by 1164879.
20
What is the remainder when 46938 is divided by 317?
22
What is the remainder when 162531 is divided by 81213?
105
Calculate the remainder when 1141218 is divided by 235.
58
What is the remainder when 388574323 is divided by 478?
475
What is the remainder when 284206014 is divided by 17?
14
Calculate the remainder when 1350187 is divided by 450062.
1
What is the remainder when 12190 is divided by 826?
626
What is the remainder when 200008 is divided by 4209?
2185
What is the remainder when 400784 is divided by 99746?
1800
Calculate the remainder when 219447 is divided by 739.
703
Calculate the remainder when 1375306 is divided by 528.
394
What is the remainder when 205317 is divided by 46?
19
What is the remainder when 52771618 is divided by 132?
130
Calculate the remainder when 7423628 is divided by 51.
17
Calculate the remainder when 176868281 is divided by 534.
5
Calculate the remainder when 143361 is divided by 2346.
255
Calculate the remainder when 39495067 is divided by 8052.
7
What is the remainder when 388482 is divided by 8428?
794
Calculate the remainder when 8524 is divided by 4074.
376
What is the remainder when 717030 is divided by 366?
36
Calculate the remainder when 34232904 is divided by 5705480.
24
Calculate the remainder when 2321 is divided by 587.
560
Calculate the remainder when 35709376 is divided by 11903122.
10
What is the remainder when 2505881 is divided by 86?
13
What is the remainder when 344906 is divided by 8212?
2
Calculate the remainder when 113191043 is divided by 55.
53
Calculate the remainder when 48230 is divided by 56.
14
Calculate the remainder when 752499 is divided by 250829.
12
What is the remainder when 94328259 is divided by 42?
39
What is the remainder when 3967 is divided by 588?
439
Calculate the remainder when 2945383 is divided by 981767.
82
What is the remainder when 1964494 is divided by 125?
119
Calculate the remainder when 619903899 is divided by 822.
819
What is the remainder when 40414560 is divided by 339?
336
What is the remainder when 11565812 is divided by 2994?
2984
What is the remainder when 415351 is divided by 2025?
226
Calculate the remainder when 401963957 is divided by 198.
197
What is the remainder when 660583 is divided by 165035?
443
Calculate the remainder when 19734 is divided by 117.
78
What is the remainder when 67352 is divided by 66686?
666
What is the remainder when 11423933 is divided by 232?
21
What is the remainder when 555876 is divided by 79407?
27
Calculate the remainder when 185698 is divided by 4641.
58
Calculate the remainder when 11156585 is divided by 228.
89
What is the remainder when 3242130 is divided by 185?
5
What is the remainder when 56978423 is divided by 1052?
1051
Calculate the remainder when 234130 is divided by 14614.
306
What is the remainder when 50950474 is divided by 25?
24
Calculate the remainder when 602854 is divided by 24.
22
What is the remainder when 108323 is divided by 665?
593
Calculate the remainder when 73083 is divided by 538.
453
What is the remainder when 26485204 is divided by 103?
93
What is the remainder when 18563 is divided by 56?
27
Calculate the remainder when 12490622 is divided by 125.
122
What is the remainder when 1163606 is divided by 545?
31
Calculate the remainder when 17994265 is divided by 53875.
15
What is the remainder when 566261 is divided by 1358?
1333
Calculate the remainder when 81786993 is divided by 36.
33
Calculate the remainder when 59784720 is divided by 1893.
1887
What is the remainder when 261012 is divided by 225?
12
Calculate the remainder when 466533 is divided by 10602.
45
What is the remainder when 5625729 is divided by 257?
256
Calculate the remainder when 31192183 is divided by 186.
169
What is the remainder when 83137 is divided by 3328?
3265
Calculate the remainder when 2301239 is divided by 572.
83
What is the remainder when 615246 is divided by 615193?
53
Calculate the remainder when 3890795 is divided by 169160.
115
Calculate the remainder when 87197758 is divided by 312.
310
What is the remainder when 4160810 is divided by 1375?
60
What is the remainder when 5172604 is divided by 646574?
12
What is the remainder when 1790287 is divided by 138?
13
Calculate the remainder when 26574354 is divided by 5314870.
4
What is the remainder when 12042553 is divided by 1373?
1343
Calculate the remainder when 16686998 is divided by 1804.
1802
Calculate the remainder when 14481889 is divided by 55064.
57
Calculate the remainder when 6751077 is divided by 540.
537
Calculate the remainder when 2296149 is divided by 98.
9
What is the remainder when 4574571 is divided by 1712?
107
What is the remainder when 38236381 is divided by 42018?
1
Calculate the remainder when 1721063 is divided by 2632.
2367
What is the remainder when 9450759 is divided by 974?
37
What is the remainder when 23538 is divided by 285?
168
Calculate the remainder when 6786272 is divided by 117.
38
What is the remainder when 3353283 is divided by 237?
207
What is the remainder when 641720 is divided by 42779?
35
Calculate the remainder when 585595 is divided by 116048.
5355
Calculate the remainder when 88474903 is divided by 207.
205
What is the remainder when 64614801 is divided by 74?
73
What is the remainder when 6861 is divided by 5319?
1542
Calculate the remainder when 342544972 is divided by 1671.
1669
Calculate the remainder when 1931833 is divided by 52.
33
Calculate the remainder when 1256732 is divided by 52356.
188
What is the remainder when 5028899 is divided by 27?
14
Calculate the remainder when 5515486 is divided by 1003.
992
Calculate the remainder when 38985 is divided by 5501.
478
Calculate the remainder when 19872201 is divided by 3341.
3274
What is the remainder when 508072 is divided by 262?
54
Calculate the remainder when 135374 is divided by 5.
4
What is the remainder when 354689 is divided by 260?
49
What is the remainder when 20621 is divided by 674?
401
What is the remainder when 3883994 is divided by 3883990?
4
What is the remainder when 84625 is divided by 5620?
325
What is the remainder when 4356400 is divided by 709?
304
What is the remainder when 436604 is divided by 12995?
7769
Calculate the remainder when 488734 is divided by 3679.
3106
What is the remainder when 154319 is divided by 9642?
47
What is the remainder when 19525344 is divided by 390?
384
Calculate the remainder when 142066 is divided by 3241.
2703
Calculate the remainder when 2951564 is divided by 283.
157
What is the remainder when 1482970 is divided by 46?
22
Calculate the remainder when 179597 is divided by 44881.
73
Calculate the remainder when 11601236 is divided by 122.
12
What is the remainder when 635296 is divided by 771?
763
Calculate the remainder when 2698881 is divided by 5804.
21
Calculate the remainder when 18815020 is divided by 4703753.
8
What is the remainder when 1167220 is divided by 50730?
430
What is the remainder when 285722 is divided by 46?
16
Calculate the remainder when 1151838 is divided by 65.
38
Calculate the remainder when 1016618 is divided by 112625.
2993
What is the remainder when 12238127 is divided by 677?
675
What is the remainder when 2932084429 is divided by 447?
445
What is the remainder when 1839133 is divided by 42?
37
Calculate the remainder when 24280 is divided by 1615.
55
What is the remainder when 864487 is divided by 861963?
2524
Calculate the remainder when 62051 is divided by 637.
262
Calculate the remainder when 35533092 is divided by 546.
504
What is the remainder when 12370 is divided by 426?
16
Calculate the remainder when 11224 is divided by 1849.
130
What is the remainder when 46292 is divided by 15172?
776
Calculate the remainder when 355640 is divided by 636.
116
What is the remainder when 2303683 is divided by 14766?
187
What is the remainder when 2850942 is divided by 9196?
182
Calculate the remainder when 92159 is divided by 97.
